55, 3*u = d*q + 273. What is the tens digit of u?
9
Suppose -4*y + 1569 = 5*r, 4*r - 4*y - 1288 = y. What is the tens digit of r?
1
Let f(o) = 11*o**2 - 4*o - 3. Let g be f(-3). Let s be (g/(-21))/(6/(-28)). What is the units digit of ((-280)/s)/(2/(-6))?
5
Let p(h) be the second derivative of h**6/120 - h**5/20 + 5*h**3/6 - h**2/2 - 3*h. Let u(x) be the first derivative of p(x). What is the units digit of u(4)?
1
Let k = 489 + -274. Let b = k + -101. What is the tens digit of b?
1
Let p(o) = -6*o**2 + 6*o + 8*o**2 - 3*o**2 + 40. What is the tens digit of p(6)?
4
Suppose 3*z + 5*v + 24 = 0, -z - 7*v = -2*v + 18. Let q be (-16)/1 - z/1. Let l = q + 32. What is the tens digit of l?
1
Suppose -2*m + 4*m = -3*c + 790, 5*c = -10. What is the units digit of m?
8
Suppose -3*r = v - 23 + 3, 2*v - 15 = -r. Suppose 4*k = v*k - 81. What is the tens digit of k?
8
Suppose -50*t + 5877 = 1227. What is the units digit of t?
3
Let d(n) = -48*n + 39. What is the hundreds digit of d(-4)?
2
Suppose 5*h + 35 = 5*r, -4 = 2*h + 4. What is the units digit of (86 - r)*1 + 4?
7
Let d be -1 - (8/4 - 2). Let g(m) = 64*m**2 + 3*m + 1. What is the units digit of g(d)?
2
Suppose -2*s + 0*s = -2*u - 102, -5*s - 5*u = -235. Let t = s + -42. What is the units digit of t?
7
Let o(m) = -m**3 - 21*m**2 - 38*m - 70. What is the tens digit of o(-24)?
7
Let p be -5*(108/20 - 3). Let t be 3/(p/86)*2. Let v = t + 72. What is the tens digit of v?
2
Suppose 748 = 2*a - 2*d, -2*d = -a + 318 + 56. What is the tens digit of a?
7
Suppose -6751 = -5*y - z, 2*y = 4*z + z + 2695. What is the tens digit of y?
5
Let f(b) = -9*b**2 + b. Let d be f(-1). Let t(q) = q**3 + 11*q**2 + 11*q + 13. Let m be t(d). What is the tens digit of ((-38)/m)/(16/(-24))?
1
What is the tens digit of ((205/15 - 4) + -3)*54?
6
Let q be (198/45 - 4/10)/2. Suppose -4*a = q*j - 214, a + j - 4*j = 71. What is the units digit of a?
6
What is the units digit of (-2)/(-5*18/42075)?
5
Let z(d) = -3*d + 329. What is the hundreds digit of z(0)?
3
Let h = -2015 - -2869. What is the hundreds digit of h?
8
Let i(z) = z**3 - 8*z**2 - 2*z - 5. Let j be i(8). Let l be (-6)/j - 309/(-21). Suppose -l*f + 11*f = -96. What is the units digit of f?
4
Let g = -80 + 64. What is the hundreds digit of (g - -17)/((-1)/(-215)*1)?
2
Let s(q) = -q**3 - 8. Let r be s(-8). Suppose -2*x - 6*x + r = 0. What is the tens digit of x?
6
Suppose -q + 6*q - 110 = 5*m, 5*q - 104 = 3*m. Suppose -4*o + n + 16 = 4, 4*o - 4*n - 12 = 0. Let z = o + q. What is the units digit of z?
2
Suppose 2*w + a - 268 = 4*a, 4*w - a - 516 = 0. What is the tens digit of w?
2
Let j(b) = 10*b**3 - b**2 - 2*b - 1. Let y be j(-1). Let l(v) = v**2 + 6*v - 8. What is the units digit of l(y)?
2
What is the thousands digit of 3096172/752 + (-2)/8?
4
Let i = -293 - -1997. What is the hundreds digit of i?
7
Suppose 0 = -27*z + 41*z - 10150. What is the hundreds digit of z?
7
Suppose 2*y = y. Suppose y*x - 204 = -4*x. Suppose -4*w = 2*l - 3*w - 102, 2*w = -l + x. What is the units digit of l?
1
Let m(t) = 6*t + 26. Let i(c) = -5*c - 23. Let n be i(-8). What is the hundreds digit of m(n)?
1
Let f be (5 - 5) + (1 - -1). Let d(j) = j**2 - 4*j + 2. Let c be d(4). Suppose -c = -f*k + 34. What is the tens digit of k?
1
Suppose d + 4*a = 24, 3*d + 3*a - 4*a = 72. What is the tens digit of (d/(-5))/(6/(-160))?
2
Let x(g) = -g**3 - 7*g**2 - 6*g. Suppose 6*w - 3*w - 1 = -5*z, 5*w + 2*z = 8. Let l be w*-2 + 1 + -4. What is the tens digit of x(l)?
4
Let i = 1253 - 646. What is the tens digit of i?
0
Let t(q) = 3*q - 33. Let u be t(11). Suppose -5*o + 555 + 200 = u. What is the tens digit of o?
5
Suppose 4*l = -0*l + 3*m + 673, -2*l - 3*m = -323. Let j = l - 19. Suppose 4*s + 2*p - 126 = 0, -5*s + 4*p + j = 3*p. What is the tens digit of s?
3
Suppose -11*h + 7821 = 286. What is the hundreds digit of h?
6
Let r(k) = 7*k**3 + 4*k - 9. What is the units digit of r(9)?
0
Let o = -6 + -1. Let s = -2 - o. Suppose -35 = -3*h - 2*j, h - 3*h = s*j - 38. What is the units digit of h?
9
Suppose 3*x + 6 + 0 = 0. What is the units digit of 146/4 - 1/x?
7
Let f be 0 + (49 - (1 - 5)). Suppose b + f = o, -b - b + 265 = 5*o. What is the units digit of o?
3
Let z(f) = 573*f + 615. What is the units digit of z(3)?
4
Suppose 0*k = 4*k - 5*r - 354, -4*k - 2*r + 340 = 0. What is the units digit of k?
6
Let x(a) = -3*a + 10. Let r be x(4). What is the units digit of 141*-6*r/18?
4
Suppose a = 13 - 4. Let h be 9/a - (10 - 1). Let k = 31 + h. What is the units digit of k?
3
Let w(q) = -3*q**2 - 9*q - 10. Let k be w(-5). What is the tens digit of (-2 + 12)/((-5)/k)?
8
What is the hundreds digit of 1044/14*((-414)/(-27) - 6)?
6
Let b(l) = 3*l**3 + 7*l**2 + l - 3. Suppose -n - h + 5 = 0, -n + 4*h = -0*h + 5. What is the hundreds digit of b(n)?
1
Suppose -167 - 203 = -2*i. What is the tens digit of i?
8
What is the units digit of ((-10542)/(-70) - -13)/(2/40)?
2
Let j(i) = -6*i + 1. Let v(u) = 4*u. Let q(h) = -21*h. Let c(l) = 3*q(l) + 14*v(l). Let k(y) = -3*c(y) + 2*j(y). What is the tens digit of k(3)?
2
Suppose 4*b - 129 = -25. Let x(c) = -2*c**2 + 50*c + 64. Let j be x(26). Suppose -2*l = -j - b. What is the tens digit of l?
1
Suppose -4*q + 5*q = 0. Suppose -2*b - 4 = 5*j + 11, 4*b - 2*j - 30 = q. Suppose o - b = 0, -2*k + 108 = 2*k + 4*o. What is the units digit of k?
2
Let k(c) = c**3 + 14*c**2 - 27*c - 1. What is the units digit of k(-12)?
1
Let j(b) = -b**2 - 23*b + 1 - 5*b - 6*b + 12. What is the units digit of j(-26)?
1
Suppose j - 5*j + 4520 = 0. What is the tens digit of j?
3
Suppose -5*h - 4*v - 9 = -39, -2*h + 5*v = -12. Suppose 11*a - 175 = h*a. What is the units digit of a?
5
Let m(j) = j**2 - 13*j + 16. Let x be m(12). Suppose -x*o = -o - 270. Suppose -2*a = -4*a - 3*g + o, a - 44 = -2*g. What is the tens digit of a?
4
Let m(u) = -u**3 - 24*u**2 + 29*u - 52. What is the tens digit of m(-26)?
4
Suppose -2*m = 3*d - 788, 0 = 3*d + 5*m - 180 - 593. What is the hundreds digit of d?
2
Suppose -24087 = -8*s - 13*s. What is the thousands digit of s?
1
Let u = -93 + 176. Let k = 165 + -111. Let z = u - k. What is the tens digit of z?
2
Let u(y) = -2*y**3 + 1. Let m be u(-1). Let j be 8 + m + -4 + -3. Suppose -5*c + 135 = j*z, 0 = -5*z + 2*c + 212 - 2. What is the units digit of z?
0
Let y(k) = -k**3 + 8*k**2 + 8*k - 16. Let z be (-15)/2*(-2)/12*4. What is the tens digit of y(z)?
9
What is the units digit of 44 + (-73)/(-15) + 2/15?
9
What is the units digit of 43/(-1*7/(-35))?
5
Suppose 14 = -x + 144. Suppose -n - 280 = -2*g, 2*g = 5*n + 158 + x. What is the hundreds digit of g?
1
Let v be (14/(-3))/((-6)/45). Suppose -2*w + v = -111. Suppose 3 = p, 3*f - w = -f + p. What is the units digit of f?
9
Let s = 10 + 10. Let d = 110 - s. What is the units digit of d?
0
Let n = -1998 + 4110. What is the tens digit of n?
1
Let u = -3629 + 5092. What is the units digit of u?
3
Let g(t) = -t**3 - t**2 + 2*t - 1. Let u be g(-3). Let m = u - 6. Suppose 83 = m*l + 5*o - 12, -4*o - 16 = 0. What is the tens digit of l?
2
Let v(l) = l + 19. Let x(u) = -u**2 - 10*u. Let w be x(-9). Let a be v(w). Let h = 67 - a. What is the tens digit of h?
3
Let j(r) = -2*r - 8. Suppose -9 = 2*m + m. Let c be j(m). What is the tens digit of (-1)/(-2) + (-111)/c?
5
Suppose -v - 20 = -3*g, 4 = -3*v + v. What is the tens digit of ((-105)/g)/5*-4?
1
Suppose -3*z + 28 = -6*z - h, z = -3*h - 4. Let l(c) be the first derivative of -c**4/4 - 11*c**3/3 - 6*c**2 + 1. What is the tens digit of l(z)?
2
Suppose 3*s + 0*f - 4*f - 27 = 0, 5*s - 22 = -f. Suppose 0 = 5*a - 3*j - 58, 3*a = 4*j + 21 + s. What is the tens digit of a?
1
Let g = 111 - 105. What is the tens digit of 6/(-4)*(-388)/g*1?
9
Suppose -5*f - 4*z = -22809, -8*f + 5*f + 4*z = -13679. What is the thousands digit of f?
4
Suppose -3828 = 31*g - 53*g. What is the tens digit of g?
7
Suppose -3*z + 24 = -33. Let o = 66 - z. What is the tens digit of o?
4
Let y be 3565/69 - (-1)/3. Suppose 2*a - 22 - y = 0. What is the units digit of a?
7
Suppose p - 3 = -3*l, -4*l - 3*p + 9 = -0*p. Suppose 3*a - f - 3*f - 195 = l, -5*a + 3*f = -336. What is the units digit of a?
9
Suppose 4*x - 716 = -4*v, v = 3*x - 2*x - 171. Suppose 4*k - 233 = x. Suppose -7*n + 5*n = -k. What is the units digit of n?
1
Let s = 29